uate (-4 - (4 + -7)) + (-18 - 4 - 4).
-27
Evaluate -19 - (-27 - -16) - (8 - (1 + 2)).
-13
What is -2 + -3 - (-1 + 0)?
-4
Calculate (-2 - (1 - -1 - 0)) + 50 + -34.
12
-3 - -1 - 36 - ((-15 - 16) + 20)
-27
(1 - 1 - (0 + -1)) + (202 - 211)
-8
Evaluate (63 - 81) + 0 + (3 - -2).
-13
(-6 + 9 + -11 - -5) + 12 - 36
-27
Calculate 0 - -21 - ((35 - 16) + -15).
17
What is the value of (3 - (-12 + 1)) + -8 + 4 + 0?
10
What is the value of (-10 - -16) + -3 + -10?
-7
Calculate (-14 + 1 - 6 - (4 + -14)) + 1.
-8
Evaluate 7 - 1 - 0 - (-37 + 50 + 5).
-12
What is the value of (-40 - (-41 - -14)) + (-1 - -16)?
2
Calculate 5 + -9 + 12 + -17 - 9.
-18
What is the value of -7 + (1 + 1 - (5 - (-42 - -13)))?
-39
What is the value of (-449 - -440 - (-32 - 0)) + -5 + 2?
20
Evaluate -19 + -4 + (46 - 28) + 38.
33
Evaluate -29 - ((8 - 1 - 11) + 6 + -4).
-27
Calculate 0 - 31 - (-615 + 593).
-9
Calculate -9 + -14 + (14 - -9).
0
What is the value of (-4 - (6 - 3)) + (4 - (-10 + 6))?
1
-1 + -7 + (-6 - 0) + 2
-12
Calculate (1 - -4) + -1 + -2 + -5 - -6.
3
Calculate -42 + -16 + 29 + (-5 + 2 - -1).
-31
(-9 - 1 - 5) + 22 - 22
-15
What is 0 + (2 + 3 - 4 - (10 - 10))?
1
What is 2 + 6 + -1 + -1 + (12 - 13)?
5
Evaluate (4 - 19) + (-1 + 4 - (0 + 0)).
-12
7 + 0 + 15 + 20 + -33 - 28
-19
What is the value of 73 - 71 - (5 - -16 - (1 + 0))?
-18
Evaluate 1 + 8 + -3 + 0 + 6 + -11.
1
Evaluate (-17 + 17 - 21) + 4.
-17
32 + (-6 - (6 + 4))
16
What is the value of -9 + 12 - 21 - -31?
13
(-6 - (-18 + 1)) + -3
8
What is -1 - (7 + -10 + 8) - -10?
4
Evaluate 31 + -33 - 72 - -38.
-36
Calculate (53 - 27) + -15 + 10.
21
(0 - 13) + (-325 - -329)
-9
What is -8 + (8 - (7 + -2 + -12))?
7
Calculate (9 - 1) + 2 - (21 + -12).
1
What is the value of (-4 - 2) + (92 - 77) + 6?
15
What is the value of 5 - (21 + 13 + -30)?
1
(11 - -4) + (21 - 46)
-10
Calculate -17 + (16 + (13 - 21) - 9).
-18
What is 9 + 1 + (151 - 163) - -6?
4
-22 - (2 + -3 + 9 + -14)
-16
What is (-6 - -17 - 6) + (-26 - -31)?
10
Evaluate 9 - 4 - (-132 + 120).
17
Calculate -9 + 15 + 5 + -3.
8
What is -7 + 0 + (-2 - 0) - -23?
14
What is 16 - 7 - (6 + -11 + 11)?
3
Calculate 40 + -29 + (0 - 0) - 1 - -3.
13
What is 4 + (7 - 15 - (-4 + 3) - 4)?
-7
What is -2 - (7 + 0 + 1 + -5)?
-5
Calculate (6 - (7 - -7)) + 18.
10
Evaluate 10 + -15 + 1 - (-18 - -5).
9
Calculate -10 - -2 - ((6 - 6) + 3 + -6).
-5
Evaluate -1 - (13 + -3 - 2).
-9
What is -3 - (-4 + -2 - (6 + -3)) - -9?
15
What is the value of (-5 - (-3 - -9)) + 17 + 1 - 36?
-29
Calculate 3 + 1 - (13 + 1).
-10
What is the value of (0 - 3) + 3 + 15 - (-74 + 69)?
20
Calculate 2 + 15 + -46 + 41.
12
28 + 0 + (-61 - -19 - -40)
26
What is 2 - ((-41 - -63) + 5)?
-25
What is 73 + -60 - (8 + -1)?
6
What is the value of 10 + -4 + (2 - 3 - (-3 + 0))?
8
Calculate 15 + -17 + (-18 - 19).
-39
What is 2 - (-1 + 3 + -10) - (-3 + 2)?
11
16 + 7 + (10 - 17 - 0)
16
What is (0 + -7 - (0 - 3)) + (-15 - 2)?
-21
Evaluate 13 - (-1 + 34 - 15).
-5
What is the value of -2 + 3 + -1 + (-15 - -17 - 9)?
-7
What is (11 + 32 - 49) + -1 + 12 + -1?
4
-3 - (19 + -7 + 14 - 9)
-20
What is the value of -191 + 211 + 0 + -17?
3
Evaluate -1 + -10 + 1 + (9 - -25) + -8.
16
37 - (19 - -11) - 14
-7
Calculate (-16 + 14 - -10) + 2 + -21.
-11
Evaluate (494 - 471) + (-19 - 2).
2
Evaluate -12 + 23 + 31 - 35.
7
(-1005 - -985) + (25 - 0)
5
What is the value of (19 - 25) + 14 + -7?
1
Evaluate (19 - 9 - 2) + (20 - 23).
5
-3 - (15 + 5 + -39)
16
Evaluate 1 - -2 - (6 - (0 - 3)) - -6.
0
Calculate (33 + -19 - (2 - -12)) + (-1 - 2).
-3
-11 - (10 - (7 + -3))
-17
(11 + -2 - (0 + 1)) + -314 + 313
7
(41 - 42) + (1 - (5 + 3))
-8
-3 - (-7 + 12) - (5 + -15)
2
(17 - 39) + (46 - 6)
18
What is the value of 0 + 24 - (1904 + -1844)?
-36
Calculate ((-1 - -4) + -3 + 9 - 5) + 17.
21
-1 + -32 + 261 + -237
-9
What is (1 - -3) + (-43 - -40)?
1
Evaluate 133 - 123 - (-3 + 39).
-26
-37 - -22 - (-6 + -1)
-8
What is 12 + 2 + -12 + -7 + -6?
-11
What is the value of (-1 - -16) + 5 + (70 - 70)?
20
Evaluate 2 + 12 + 22 - 25.
11
What is 1 + -12 + (29 - (-6 + 7))?
17
What is -8 + (11 - (10 - 7 - -1))?
-1
What is the value of 1 - (-14 - (-9 - -2) - -19)?
-11
What is the value of 10 - ((-14 - -7) + (-2 - (3 - 9)))?
13
What is 32 - 38 - (-6 - (3 + 0))?
3
What is 19 - 6 - -2 - 17?
-2
What is the value of (-20 - 31) + 33 - 5?
-23
What is (-4 - (4 + -3 + 8 - 5)) + 0?
-8
Calculate -40 - -32 - (2 - 20) - -7.
17
Calculate (4 - 0 - 1 - -1) + (9 - 23).
-10
Evaluate (20 - 64) + 12 + 11.
-21
What is -45 - -52 - ((-3 - (-6 + 9)) + 1)?
12
(9 - (2 + (7 - 11))) + (-3 - 1)
7
-126 + 104 - (-2 + -10)
-10
Evaluate -17 + (13 - 14) - -5.
-13
Evaluate (16 + -53 - -11) + 15 + (0 - -2).
-9
0 - ((-11 - (10 + -14)) + -12)
19
Evaluate -6 + 13 + -15 + (1 - (-2 + 7)).
-12
What is the value of (-4 - 8) + 73 + -7 + -17?
37
Evaluate -13 - (-53 + 21) - 2.
17
-9 + 4 - (31 + -49)
13
What is the value of (7 - (2 - 13 - -27)) + (-2 - -10)?
-1
-4 - (-2 + -13) - (4 - 1) - -21
29
Evaluate -3 + 27 + -8 + 1 + -9.
8
Calculate 8 + (19 - (10 - 1)).
18
What is -1 - 1 - (-154 - -153)?
-1
What is the value of 1 + 16 + -11 + -9 - (9 + 2)?
-14
What is the value of -4 + (-12 - -11) - 1?
-6
Evaluate -12 + (5 + 15 - 13).
-5
-5 - (26 + -33 + (2 - 1))
1
Evaluate (20 - 30) + 2 + 19.
11
Evaluate 19 + 2 + (19 - -5) + -31.
14
Evaluate 17 + -1 - ((0 - 5) + -7 + 18).
10
What is the value of (21 - 17) + -39 + -2 + 13?
-24
0 - 29 - -22 - 30
-37
26 - (11 - (-1 + 6 + -2))
18
-25 + (5 - 2) - (26 - 35)
-13
-6 - (2 - (-7 - -7 - 4))
-12
Evaluate -6 - (-6 - (5 - (8 + -1))).
-2
What is (-15 - (-15 - 0) - 4) + (8 - 1)?
3
Calculate 11 + -33 + 17 + 31.
26
-2 + (-22 - (7 + -20))
-11
What is -1 + 30 + (79 - 87) + -10 + -10?
1
8 + -13 + 22 + -32
-15
1 + 16 + (581 - 614)
-16
Calculate (143 - 137 - (-1 - 6)) + (2 - 7).
8
What is 119 + -146 + (48 - 5)?
16
Evaluate 69 - (-26 - -82) - (-1 + 33).
-19
What is the value of 3 - (25 + -3 + -5 + 3 + -2)?
-15
Calculate (0 - -12) + (27 - 25) + -18.
-4
-2 - (-6 + 1 + (230 - 265))
38
Calculate (11 - (-8 + 7)) + 2.
14
(-5 + 7 - (1 + 6) - -5) + -10
-10
-44 + (22 - (8 + -17 - -16))
-29
Evaluate (5 - 0) + (-5 - -2).
2
What is the value of 0 + 5 + 2 + 1266 + -1268?
5
What is the value of 19 + (3 - 15) + 24 - 8?
23
What is -19 + -11 + 9 + 1?
-20
What is the value of 5 + 8 + -2 + -7 + -7?
-3
-52 + 55 - ((-1 - 5 - 2) + 2)
9
9 + -40 + 8 - (5 - 6)
-22
What is -3 + 0 + -20 + 15 + 11?
3
-118 + 70 - -33 - (1 + 0)
-16
Evaluate 24 - (-18 + 64) - -9.
-13
What is the value of -1 + -4 + 7 - (-6 + 1) - -7?
14
What is the value of (-136 - -124) + (0 - -24)?
12
What is the value of 3 + -2 + -1 + -1 - (584 - 592)?
7
What is -3 + -34 + (2 - 0) + 20 + -13?
-28
What is the value of -1 + (-11 - 3 - -16) + (11 - 2)?
10
Calculate -21 + -4 + 14 + 5 + -6.
-12
Evaluate (-33 - -7 - -86) + -34.
26
Evaluate -16 - 0 - (-219 + 203).
0
-26 + (-5 - -32) - 25
-24
What is the value of 14 + -17 + (-1 - 2) + 10 - -2?
6
What is the value of 14 + (-34 - -28 - 8)?
0
What is 0 + 12 + 0 + (11 - 17) + -1?
5
Calculate 2 + 28 + (-902 - -849).
-23
What is the value of -383 + 360 + (-4 - (-9 - -4))?
-22
What is the value of 8 + (-32 - (5 + -10)) - -3?
-16
What is the value of (-20 - (7 - 22)) + 1 + 10?
6
Calculate 16 + (-18 - -7 - -7) + 6.
18
Calculate (30 - 52) + (7 - 2).
-17
(-3 - 0) + 1 + -3 + (-594 - -587)
-12
Evaluate (26 - 90 - -60) + -1 + 0 + -22.
-27
Evaluate (-5 - (-3 - -3)) + -3 + 9 + 11.
12
Calculate (-12 - (-18 - -13)) + 2 + (-1 - 28).
-34
-1 + 0 - (-1 - -1 - (-4 + -7))
-12
Evaluate 18 + (9 + -5 - 24).
-2
What is 5 - (24 + -12) - (-4 - 9 - -1)?
5
-20 + (-8 + 4 - -2) + 2 - -9
-11
Evaluate -423 + 383 - ((-2 - -4) + -15).
-27
Calculate (-8 - (8 + (-3 - 9))) + 5.
1
What is the value of 25 + -3 + (12 - 8) + -11?
15
Evaluate 41 + -56 + 3 + -7 + 57.
38
What is (0 - -1) + 7 - (20 - (24 - 3))?
9
What is 326 - 322 - (-1 - -19) - 16?
-30
Evaluate -6 - -2 - 2 - (-6 + 12 - 6).
-6
4 + 1 + 1 - (33 + -37)
10
What is the value of 0 + -1 + (1 - 2) + (2704 - 2721)?
-19
-6 + 1 + -68 + 55 + (-1 - 1)
-20
What is -34 + (17 + -12 + -2 - -9)?
-22
What is 3 - (-10 - (8 - 2))?
19
Evaluate (-8 - (-10 + -4 + 7)) + -2.
-3
What is the value of 10 - (13 + -5 + -5)?
7
6 + -3 + (-5 - -1 - (-9 + -1))
9
Evaluate -41 + 55 + (28 - 39).
3
What is 14 - (14 - (1 + (12 - 3)))?
10
What is the value of -2 + 7 - -2 - (-10 - 